{"id":8,"date":"2016-11-03T15:29:55","date_gmt":"2016-11-03T14:29:55","guid":{"rendered":"http:\/\/taxisourdy.fr\/?page_id=8"},"modified":"2023-04-24T14:13:49","modified_gmt":"2023-04-24T12:13:49","slug":"mentions-legales","status":"publish","type":"page","link":"https:\/\/taxisourdy.fr\/index.php\/mentions-legales\/","title":{"rendered":"Mentions l\u00e9gales"},"content":{"rendered":"<div id=\"page-box\">\n<h5 class=\"page-subtitle\">Pr\u00e9sentation g\u00e9n\u00e9rale<\/h5>\n<div class=\"page-text\">\n<p>Vous \u00eates actuellement connect\u00e9 au site &#8220;www.taxisourdy.fr&#8221;, \u00e9dit\u00e9 par :<\/p>\n<div class=\"identity\"><strong>Taxi Sourdy<\/strong><br \/>\n10 rue de l&#8217;Avenir\u00a0 17160 MATHA<br \/>\nT\u00e9l\u00e9phone : 06 89 26 24 66<\/div>\n<div><\/div>\n<div><\/div>\n<div class=\"identity\"><strong>ABC Cognac Taxi<\/strong><br \/>\n25 chemin Montplaisir<br \/>\n16100 Cognac<br \/>\nT\u00e9l\u00e9phone : 06 30 08 61 67<\/div>\n<div class=\"identity\">Email : contact@taxisourdy.fr<br \/>\nSIRET : 822.924.676.00015<br \/>\nTVA : non applicable, article 293 B du CGI<br \/>\nDirectrice de publication : No\u00eblle Sourdy<\/div>\n<div class=\"identity\"><\/div>\n<\/div>\n<\/div>\n<div class=\"identity\"><\/div>\n<h5 class=\"identity\">Cr\u00e9ation du site:<\/h5>\n<div class=\"identity\"><\/div>\n<div class=\"identity\"><a href=\"http:\/\/www.creationweb64.fr\" target=\"_blank\" rel=\"noopener\">cr\u00e9ation web 64<\/a><br \/>\n1 impasse des Courtilles<br \/>\n64300 Orthez<br \/>\n06 89 44 09 84<\/div>\n<div class=\"identity\"><\/div>\n<div id=\"page-box\">\n<div class=\"page-text\">\n<h5>H\u00e9bergement :<\/h5>\n<p>OVH<\/p>\n<div class=\"identity\">2 rue Kellermann &#8211; 59100 Roubaix.<\/div>\n<p>L&#8217;\u00e9diteur s&#8217;engage \u00e0 respecter l&#8217;ensemble des lois concernant la mise en place et l&#8217;activit\u00e9 d&#8217;un site Internet.<\/p>\n<\/div>\n<h5 class=\"page-subtitle\">Informations techniques<\/h5>\n<div class=\"page-text\">Il est rappel\u00e9 que le secret des correspondances n&#8217;est pas garanti sur le r\u00e9seau Internet et qu&#8217;il appartient \u00e0 chaque utilisateur d&#8217;Internet de prendre toutes les mesures appropri\u00e9es de fa\u00e7on \u00e0 prot\u00e9ger ses propres donn\u00e9es et\/ou logiciels de la contamination d&#8217;\u00e9ventuels virus circulant sur Internet.<\/div>\n<h5 class=\"page-subtitle\">Charte \u00e9ditoriale<\/h5>\n<div class=\"page-text\">\n<p>Le site &#8220;www.taxisourdy.fr&#8221; est un site de pr\u00e9sentation des services propos\u00e9s par Taxi Sourdy.<\/p>\n<p>La pr\u00e9sentation des produits, prises de vue ou graphismes reste indicative et ne peut engager la responsabilit\u00e9 de Taxi Sourdy, ni m\u00eame remettre en cause la validit\u00e9 de la commande.<\/p>\n<\/div>\n<h5 class=\"page-subtitle\">Donn\u00e9es personnelles<\/h5>\n<div class=\"page-text\">Aucune donn\u00e9e personnelle n&#8217;est conserv\u00e9e par le site taxisourdy.fr<\/div>\n<div>Aucun cookie, autre que n\u00e9cessaire au fonctionnement du site, n&#8217;est utilis\u00e9 : <a href=\"https:\/\/www.cookieserve.com\/\" target=\"_blank\" rel=\"noopener\">https:\/\/www.cookieserve.com\/\u00a0<\/a><\/div>\n<div>Le plugin de statistique est WP Statistics, conforme \u00e0 la r\u00e9glementation europ\u00e9enne.<\/div>\n<div class=\"page-text\"><\/div>\n<h5 class=\"page-text\">Liens hypertextes<\/h5>\n<div class=\"page-text\">\n<p>La cr\u00e9ation de liens hypertextes vers le site &#8220;www.taxisourdy.fr&#8221; est soumis \u00e0 accord pr\u00e9alable.<\/p>\n<p>Les liens hypertextes \u00e9tablis en direction d&#8217;autres sites \u00e0 partir de &#8220;www.taxisourdy.fr&#8221; ne sauraient, en aucun cas, engager la responsabilit\u00e9 de TAXI SOURDY.<\/p>\n<\/div>\n<h5 class=\"page-subtitle\">Droits d&#8217;auteurs<\/h5>\n<div class=\"page-text\">La reproduction ou repr\u00e9sentation, int\u00e9grale ou partielle, des pages, des donn\u00e9es et de tout autre \u00e9l\u00e9ment constitutif au site, par quelque proc\u00e9d\u00e9 ou support que ce soit, est interdite et constitue sans autorisation de l&#8217;\u00e9diteur une contrefa\u00e7on.<\/div>\n<\/div>\n","protected":false},"excerpt":{"rendered":"<p>Pr\u00e9sentation g\u00e9n\u00e9rale Vous \u00eates actuellement connect\u00e9 au site &#8220;www.taxisourdy.fr&#8221;, \u00e9dit\u00e9 par : Taxi Sourdy 10 rue de l&#8217;Avenir\u00a0 17160 MATHA T\u00e9l\u00e9phone : [&hellip;]<\/p>\n","protected":false},"author":1,"featured_media":0,"parent":0,"menu_order":0,"comment_status":"closed","ping_status":"closed","template":"","meta":{"footnotes":""},"_links":{"self":[{"href":"https:\/\/taxisourdy.fr\/index.php\/wp-json\/wp\/v2\/pages\/8"}],"collection":[{"href":"https:\/\/taxisourdy.fr\/index.php\/wp-json\/wp\/v2\/pages"}],"about":[{"href":"https:\/\/taxisourdy.fr\/index.php\/wp-json\/wp\/v2\/types\/page"}],"author":[{"embeddable":true,"href":"https:\/\/taxisourdy.fr\/index.php\/wp-json\/wp\/v2\/users\/1"}],"replies":[{"embeddable":true,"href":"https:\/\/taxisourdy.fr\/index.php\/wp-json\/wp\/v2\/comments?post=8"}],"version-history":[{"count":33,"href":"https:\/\/taxisourdy.fr\/index.php\/wp-json\/wp\/v2\/pages\/8\/revisions"}],"predecessor-version":[{"id":471,"href":"https:\/\/taxisourdy.fr\/index.php\/wp-json\/wp\/v2\/pages\/8\/revisions\/471"}],"wp:attachment":[{"href":"https:\/\/taxisourdy.fr\/index.php\/wp-json\/wp\/v2\/media?parent=8"}],"curies":[{"name":"wp","href":"https:\/\/api.w.org\/{rel}","templated":true}]}}